{"id":6858,"date":"2025-05-09T01:22:45","date_gmt":"2025-05-09T01:22:45","guid":{"rendered":"https:\/\/navajowhite-cat-613300.hostingersite.com\/espetacular-torre-plana-v-i-p\/"},"modified":"2025-08-07T14:53:57","modified_gmt":"2025-08-07T14:53:57","slug":"espetacular-torre-plana-v-i-p","status":"publish","type":"product","link":"https:\/\/www.rentaplazacarso.com\/pt-br\/product\/espetacular-torre-plana-v-i-p\/","title":{"rendered":"ESPETACULAR TORRE PLANA V.I.P."},"content":{"rendered":"<p>INCR\u00cdVEL APARTAMENTO NOVO NA EXCLUSIVA TORRE V.I.P. DA PLAZA CARSO. 221 M2. 2 QUARTOS COM POSSIBILIDADE DE 3. CADA UM COM BANHEIRO COMPLETO E CLOSET. BANHEIRO SOCIAL. BELA COZINHA IMPORTADA DA IT\u00c1LIA. \u00c1REA DE LAVANDERIA. QUARTO DE EMPREGADA. C\u00d4MODOS ESPA\u00c7OSOS. VISTA ESPETACULAR PARA O MUSEU SOUMAYA. ACABAMENTOS SUPER LUXUOSOS: PORCELANATO ITALIANO, LUMIN\u00c1RIAS LUTRON COM DOM\u00d3TICA, PERSIANAS AUTOM\u00c1TICAS DE POANA PRETA COM DOM\u00d3TICA, PISO LAMINADO DE MADEIRA ALEM\u00c3. JANELAS ENORMES EM TODOS OS C\u00d4MODOS. AR CONDICIONADO. 3 VAGAS DE GARAGEM. CONJUNTO COMPLETO DE COMODIDADES. VIGIL\u00c2NCIA 24 HORAS. ESTACIONAMENTO PARA VISITANTES. LOCALIZA\u00c7\u00c3O PERFEITA. O valor do aluguel ser\u00e1 atualizado de acordo com a taxa de c\u00e2mbio do d\u00f3lar.                  <\/p>\n","protected":false},"excerpt":{"rendered":"<p>INCR\u00cdVEL APARTAMENTO NOVO NA EXCLUSIVA TORRE V.I.P. DA PLAZA CARSO. 221 M2. 2 QUARTOS COM POSSIBILIDADE DE 3. CADA UM COM BANHEIRO COMPLETO E CLOSET. BANHEIRO SOCIAL. BELA COZINHA IMPORTADA DA IT\u00c1LIA. \u00c1REA DE LAVANDERIA. QUARTO DE EMPREGADA. C\u00d4MODOS ESPA\u00c7OSOS. VISTA ESPETACULAR PARA O MUSEU SOUMAYA. ACABAMENTOS SUPER LUXUOSOS: PORCELANATO ITALIANO, LUMIN\u00c1RIAS LUTRON COM DOM\u00d3TICA, [&hellip;]<\/p>\n","protected":false},"featured_media":8529,"comment_status":"open","ping_status":"closed","template":"","meta":{"_joinchat":[]},"product_brand":[],"product_cat":[487,378,377],"product_tag":[668],"class_list":{"0":"post-6858","1":"product","2":"type-product","3":"status-publish","4":"has-post-thumbnail","6":"product_cat-a-v-i-p","7":"product_cat-aluguel","8":"product_cat-departamentos","9":"product_tag-aluguel","11":"first","12":"instock","13":"shipping-taxable","14":"purchasable","15":"product-type-simple"},"_links":{"self":[{"href":"https:\/\/www.rentaplazacarso.com\/pt-br\/wp-json\/wp\/v2\/product\/6858","targetHints":{"allow":["GET"]}}],"collection":[{"href":"https:\/\/www.rentaplazacarso.com\/pt-br\/wp-json\/wp\/v2\/product"}],"about":[{"href":"https:\/\/www.rentaplazacarso.com\/pt-br\/wp-json\/wp\/v2\/types\/product"}],"replies":[{"embeddable":true,"href":"https:\/\/www.rentaplazacarso.com\/pt-br\/wp-json\/wp\/v2\/comments?post=6858"}],"wp:featuredmedia":[{"embeddable":true,"href":"https:\/\/www.rentaplazacarso.com\/pt-br\/wp-json\/wp\/v2\/media\/8529"}],"wp:attachment":[{"href":"https:\/\/www.rentaplazacarso.com\/pt-br\/wp-json\/wp\/v2\/media?parent=6858"}],"wp:term":[{"taxonomy":"product_brand","embeddable":true,"href":"https:\/\/www.rentaplazacarso.com\/pt-br\/wp-json\/wp\/v2\/product_brand?post=6858"},{"taxonomy":"product_cat","embeddable":true,"href":"https:\/\/www.rentaplazacarso.com\/pt-br\/wp-json\/wp\/v2\/product_cat?post=6858"},{"taxonomy":"product_tag","embeddable":true,"href":"https:\/\/www.rentaplazacarso.com\/pt-br\/wp-json\/wp\/v2\/product_tag?post=6858"}],"curies":[{"name":"wp","href":"https:\/\/api.w.org\/{rel}","templated":true}]}}

<p>INCRÍVEL APARTAMENTO NOVO NA EXCLUSIVA TORRE V.I.P. DA PLAZA CARSO. 221 M2. 2 QUARTOS COM POSSIBILIDADE DE 3. CADA UM COM BANHEIRO COMPLETO E CLOSET. BANHEIRO SOCIAL. BELA COZINHA IMPORTADA DA ITÁLIA. ÁREA DE LAVANDERIA. QUARTO DE EMPREGADA. CÔMODOS ESPAÇOSOS. VISTA ESPETACULAR PARA O MUSEU SOUMAYA. ACABAMENTOS SUPER LUXUOSOS: PORCELANATO ITALIANO, LUMINÁRIAS LUTRON COM DOMÓTICA, PERSIANAS AUTOMÁTICAS DE POANA PRETA COM DOMÓTICA, PISO LAMINADO DE MADEIRA ALEMÃ. JANELAS ENORMES EM TODOS OS CÔMODOS. AR CONDICIONADO. 3 VAGAS DE GARAGEM. CONJUNTO COMPLETO DE COMODIDADES. VIGILÂNCIA 24 HORAS. ESTACIONAMENTO PARA VISITANTES. LOCALIZAÇÃO PERFEITA. O valor do aluguel será atualizado de acordo com a taxa de câmbio do dólar.                  </p>

<p>INCRÍVEL APARTAMENTO NOVO NA EXCLUSIVA TORRE V.I.P. DA PLAZA CARSO. 221 M2. 2 QUARTOS COM POSSIBILIDADE DE 3. CADA UM COM BANHEIRO COMPLETO E CLOSET. BANHEIRO SOCIAL. BELA COZINHA IMPORTADA DA ITÁLIA. ÁREA DE LAVANDERIA. QUARTO DE EMPREGADA. CÔMODOS ESPAÇOSOS. VISTA ESPETACULAR PARA O MUSEU SOUMAYA. ACABAMENTOS SUPER LUXUOSOS: PORCELANATO ITALIANO, LUMINÁRIAS LUTRON COM DOMÓTICA, [&hellip;]</p>
