{"id":34548,"date":"2026-04-24T16:19:01","date_gmt":"2026-04-24T16:19:01","guid":{"rendered":"https:\/\/www.rentaplazacarso.com\/product\/terraco-privativo-3-quartos-mobiliados\/"},"modified":"2026-04-24T16:19:01","modified_gmt":"2026-04-24T16:19:01","slug":"terraco-privativo-3-quartos-mobiliados","status":"publish","type":"product","link":"https:\/\/www.rentaplazacarso.com\/pt-br\/product\/terraco-privativo-3-quartos-mobiliados\/","title":{"rendered":"TERRA\u00c7O PRIVATIVO: 3 QUARTOS MOBILIADOS"},"content":{"rendered":"<p>APARTAMENTO DE 235 M2: 150 M2 MAIS 85 M2 DE TERRA\u00c7O. TOTALMENTE MOBILIADO E EQUIPADO: 3 QUARTOS, CADA UM COM BANHEIRO COMPLETO. 2 DELES COM ACESSO DIRETO AO TERRA\u00c7O. SALA DE ESTAR OU ESCRIT\u00d3RIO.    COZINHA ABERTA E AGRAD\u00c1VEL COM \u00c1REA DE SERVI\u00c7O. SALA DE ESTAR E JANTAR ESPA\u00c7OSA COM ACESSO AO TERRA\u00c7O. ESPETACULAR TERRA\u00c7O PRIVATIVO DE 85 M2. ACABAMENTOS DE LUXO. TETOS MUITO ALTOS QUE LHE D\u00c3O MUITA AMPLITUDE.    JANELAS ENORMES EM TODOS OS C\u00d4MODOS. 3 VAGAS DE ESTACIONAMENTO. CONJUNTO COMPLETO DE COMODIDADES. ESTACIONAMENTO PARA VISITANTES. VIGIL\u00c2NCIA 24 HORAS. TORRE MUITO TRANQUILA E MUITO BEM LOCALIZADA. MANUTEN\u00c7\u00c3O INCLU\u00cdDA NO ALUGUEL. PER\u00cdODO M\u00cdNIMO DE ALUGUEL DE UM ANO.  <\/p>\n","protected":false},"excerpt":{"rendered":"<p>APARTAMENTO DE 235 M2: 150 M2 MAIS 85 M2 DE TERRA\u00c7O. TOTALMENTE MOBILIADO E EQUIPADO: 3 QUARTOS, CADA UM COM BANHEIRO COMPLETO. 2 DELES COM ACESSO DIRETO AO TERRA\u00c7O. SALA DE ESTAR OU ESCRIT\u00d3RIO. COZINHA ABERTA E AGRAD\u00c1VEL COM \u00c1REA DE SERVI\u00c7O. SALA DE ESTAR E JANTAR ESPA\u00c7OSA COM ACESSO AO TERRA\u00c7O. ESPETACULAR TERRA\u00c7O PRIVATIVO [&hellip;]<\/p>\n","protected":false},"featured_media":34516,"comment_status":"open","ping_status":"closed","template":"","meta":{"_joinchat":[]},"product_brand":[],"product_cat":[378,377,470],"product_tag":[668],"class_list":{"0":"post-34548","1":"product","2":"type-product","3":"status-publish","4":"has-post-thumbnail","6":"product_cat-aluguel","7":"product_cat-departamentos","8":"product_cat-van-gogh-pt-br","9":"product_tag-aluguel","10":"pa_recamara-26","12":"first","13":"instock","14":"shipping-taxable","15":"purchasable","16":"product-type-simple"},"_links":{"self":[{"href":"https:\/\/www.rentaplazacarso.com\/pt-br\/wp-json\/wp\/v2\/product\/34548","targetHints":{"allow":["GET"]}}],"collection":[{"href":"https:\/\/www.rentaplazacarso.com\/pt-br\/wp-json\/wp\/v2\/product"}],"about":[{"href":"https:\/\/www.rentaplazacarso.com\/pt-br\/wp-json\/wp\/v2\/types\/product"}],"replies":[{"embeddable":true,"href":"https:\/\/www.rentaplazacarso.com\/pt-br\/wp-json\/wp\/v2\/comments?post=34548"}],"wp:featuredmedia":[{"embeddable":true,"href":"https:\/\/www.rentaplazacarso.com\/pt-br\/wp-json\/wp\/v2\/media\/34516"}],"wp:attachment":[{"href":"https:\/\/www.rentaplazacarso.com\/pt-br\/wp-json\/wp\/v2\/media?parent=34548"}],"wp:term":[{"taxonomy":"product_brand","embeddable":true,"href":"https:\/\/www.rentaplazacarso.com\/pt-br\/wp-json\/wp\/v2\/product_brand?post=34548"},{"taxonomy":"product_cat","embeddable":true,"href":"https:\/\/www.rentaplazacarso.com\/pt-br\/wp-json\/wp\/v2\/product_cat?post=34548"},{"taxonomy":"product_tag","embeddable":true,"href":"https:\/\/www.rentaplazacarso.com\/pt-br\/wp-json\/wp\/v2\/product_tag?post=34548"}],"curies":[{"name":"wp","href":"https:\/\/api.w.org\/{rel}","templated":true}]}}

TERRAÇO PRIVATIVO: 3 QUARTOS MOBILIADOS

<p>APARTAMENTO DE 235 M2: 150 M2 MAIS 85 M2 DE TERRAÇO. TOTALMENTE MOBILIADO E EQUIPADO: 3 QUARTOS, CADA UM COM BANHEIRO COMPLETO. 2 DELES COM ACESSO DIRETO AO TERRAÇO. SALA DE ESTAR OU ESCRITÓRIO.    COZINHA ABERTA E AGRADÁVEL COM ÁREA DE SERVIÇO. SALA DE ESTAR E JANTAR ESPAÇOSA COM ACESSO AO TERRAÇO. ESPETACULAR TERRAÇO PRIVATIVO DE 85 M2. ACABAMENTOS DE LUXO. TETOS MUITO ALTOS QUE LHE DÃO MUITA AMPLITUDE.    JANELAS ENORMES EM TODOS OS CÔMODOS. 3 VAGAS DE ESTACIONAMENTO. CONJUNTO COMPLETO DE COMODIDADES. ESTACIONAMENTO PARA VISITANTES. VIGILÂNCIA 24 HORAS. TORRE MUITO TRANQUILA E MUITO BEM LOCALIZADA. MANUTENÇÃO INCLUÍDA NO ALUGUEL. PERÍODO MÍNIMO DE ALUGUEL DE UM ANO.  </p>

<p>APARTAMENTO DE 235 M2: 150 M2 MAIS 85 M2 DE TERRAÇO. TOTALMENTE MOBILIADO E EQUIPADO: 3 QUARTOS, CADA UM COM BANHEIRO COMPLETO. 2 DELES COM ACESSO DIRETO AO TERRAÇO. SALA DE ESTAR OU ESCRITÓRIO. COZINHA ABERTA E AGRADÁVEL COM ÁREA DE SERVIÇO. SALA DE ESTAR E JANTAR ESPAÇOSA COM ACESSO AO TERRAÇO. ESPETACULAR TERRAÇO PRIVATIVO [&hellip;]</p>
