{"id":33924,"date":"2026-04-16T19:18:53","date_gmt":"2026-04-16T19:18:53","guid":{"rendered":"https:\/\/www.rentaplazacarso.com\/product\/apartamento-espetacular-com-terraco-privativo\/"},"modified":"2026-08-28T19:39:58","modified_gmt":"2026-08-28T19:39:58","slug":"apartamento-espetacular-com-terraco-privativo","status":"publish","type":"product","link":"https:\/\/www.rentaplazacarso.com\/pt-br\/product\/apartamento-espetacular-com-terraco-privativo\/","title":{"rendered":"APARTAMENTO ESPETACULAR COM TERRA\u00c7O PRIVATIVO"},"content":{"rendered":"<p>INCR\u00cdVEL E \u00daNICO APARTAMENTO COM TERRA\u00c7O PRIVATIVO NO CARSO 1: 260 M2, 3 QUARTOS, CADA UM COM BANHEIRO COMPLETO. QUARTO PRINCIPAL COM SA\u00cdDA PARA O TERRA\u00c7O. SALA DE ESTAR. COZINHA ABERTA AGRAD\u00c1VEL COM DESPENSA. COM M\u00c1QUINA DE LAVAR LOU\u00c7A. SALA DE ESTAR E JANTAR AMPLA COM SA\u00cdDA PARA O TERRA\u00c7O PRIVATIVO.     PISO DE MADEIRA. TETOS DE 3 METROS QUE DEIXAM O LUGAR MUITO ILUMINADO. VISTA ESPETACULAR PARA O MUSEU SOUMAYA. 3 VAGAS DE ESTACIONAMENTO. ACESSO DIRETO AO SHOPPING. CONJUNTO COMPLETO DE CONVENI\u00caNCIAS. ESTACIONAMENTO PARA VISITANTES. SEGURAN\u00c7A 24 HORAS. INCLUI DEP\u00d3SITO. NESTE AN\u00daNCIO, O APARTAMENTO FOI MOBILIADO COM IA, PARA QUE VOC\u00ca POSSA VER O INCR\u00cdVEL POTENCIAL QUE ELE TEM.         <\/p>\n","protected":false},"excerpt":{"rendered":"<p>INCR\u00cdVEL E \u00daNICO APARTAMENTO COM TERRA\u00c7O PRIVATIVO NO CARSO 1: 260 M2, 3 QUARTOS, CADA UM COM BANHEIRO COMPLETO. QUARTO PRINCIPAL COM SA\u00cdDA PARA O TERRA\u00c7O. SALA DE ESTAR. COZINHA ABERTA AGRAD\u00c1VEL COM DESPENSA. COM M\u00c1QUINA DE LAVAR LOU\u00c7A. SALA DE ESTAR E JANTAR AMPLA COM SA\u00cdDA PARA O TERRA\u00c7O PRIVATIVO. PISO DE MADEIRA. TETOS [&hellip;]<\/p>\n","protected":false},"featured_media":39647,"comment_status":"open","ping_status":"closed","template":"","meta":{"_joinchat":[],"_members_access_role":[],"_members_access_error":""},"product_brand":[],"product_cat":[377,746,391],"product_tag":[691],"class_list":["post-33924","product","type-product","status-publish","has-post-thumbnail","product_cat-departamentos","product_cat-rodin-pt-br-2","product_cat-venda","product_tag-venda","pa_recamara-26","first","instock","featured","shipping-taxable","purchasable","product-type-simple"],"_links":{"self":[{"href":"https:\/\/www.rentaplazacarso.com\/pt-br\/wp-json\/wp\/v2\/product\/33924","targetHints":{"allow":["GET"]}}],"collection":[{"href":"https:\/\/www.rentaplazacarso.com\/pt-br\/wp-json\/wp\/v2\/product"}],"about":[{"href":"https:\/\/www.rentaplazacarso.com\/pt-br\/wp-json\/wp\/v2\/types\/product"}],"replies":[{"embeddable":true,"href":"https:\/\/www.rentaplazacarso.com\/pt-br\/wp-json\/wp\/v2\/comments?post=33924"}],"wp:featuredmedia":[{"embeddable":true,"href":"https:\/\/www.rentaplazacarso.com\/pt-br\/wp-json\/wp\/v2\/media\/39647"}],"wp:attachment":[{"href":"https:\/\/www.rentaplazacarso.com\/pt-br\/wp-json\/wp\/v2\/media?parent=33924"}],"wp:term":[{"taxonomy":"product_brand","embeddable":true,"href":"https:\/\/www.rentaplazacarso.com\/pt-br\/wp-json\/wp\/v2\/product_brand?post=33924"},{"taxonomy":"product_cat","embeddable":true,"href":"https:\/\/www.rentaplazacarso.com\/pt-br\/wp-json\/wp\/v2\/product_cat?post=33924"},{"taxonomy":"product_tag","embeddable":true,"href":"https:\/\/www.rentaplazacarso.com\/pt-br\/wp-json\/wp\/v2\/product_tag?post=33924"}],"curies":[{"name":"wp","href":"https:\/\/api.w.org\/{rel}","templated":true}]}}

APARTAMENTO ESPETACULAR COM TERRAÇO PRIVATIVO

<p>INCRÍVEL E ÚNICO APARTAMENTO COM TERRAÇO PRIVATIVO NO CARSO 1: 260 M2, 3 QUARTOS, CADA UM COM BANHEIRO COMPLETO. QUARTO PRINCIPAL COM SAÍDA PARA O TERRAÇO. SALA DE ESTAR. COZINHA ABERTA AGRADÁVEL COM DESPENSA. COM MÁQUINA DE LAVAR LOUÇA. SALA DE ESTAR E JANTAR AMPLA COM SAÍDA PARA O TERRAÇO PRIVATIVO.     PISO DE MADEIRA. TETOS DE 3 METROS QUE DEIXAM O LUGAR MUITO ILUMINADO. VISTA ESPETACULAR PARA O MUSEU SOUMAYA. 3 VAGAS DE ESTACIONAMENTO. ACESSO DIRETO AO SHOPPING. CONJUNTO COMPLETO DE CONVENIÊNCIAS. ESTACIONAMENTO PARA VISITANTES. SEGURANÇA 24 HORAS. INCLUI DEPÓSITO. NESTE ANÚNCIO, O APARTAMENTO FOI MOBILIADO COM IA, PARA QUE VOCÊ POSSA VER O INCRÍVEL POTENCIAL QUE ELE TEM.         </p>

<p>INCRÍVEL E ÚNICO APARTAMENTO COM TERRAÇO PRIVATIVO NO CARSO 1: 260 M2, 3 QUARTOS, CADA UM COM BANHEIRO COMPLETO. QUARTO PRINCIPAL COM SAÍDA PARA O TERRAÇO. SALA DE ESTAR. COZINHA ABERTA AGRADÁVEL COM DESPENSA. COM MÁQUINA DE LAVAR LOUÇA. SALA DE ESTAR E JANTAR AMPLA COM SAÍDA PARA O TERRAÇO PRIVATIVO. PISO DE MADEIRA. TETOS [&hellip;]</p>
