{"id":32119,"date":"2026-03-05T19:36:10","date_gmt":"2026-03-05T19:36:10","guid":{"rendered":"https:\/\/www.rentaplazacarso.com\/product\/2-quartos-mobiliados-com-sala-de-estar-e-quarto-de-empregada\/"},"modified":"2026-03-05T19:36:10","modified_gmt":"2026-03-05T19:36:10","slug":"2-quartos-mobiliados-com-sala-de-estar-e-quarto-de-empregada","status":"publish","type":"product","link":"https:\/\/www.rentaplazacarso.com\/pt-br\/product\/2-quartos-mobiliados-com-sala-de-estar-e-quarto-de-empregada\/","title":{"rendered":"2 QUARTOS MOBILIADOS COM SALA DE ESTAR E QUARTO DE EMPREGADA"},"content":{"rendered":"<p>LINDO APARTAMENTO EM PERFEITAS CONDI\u00c7\u00d5ES. TOTALMENTE MOBILIADO E EQUIPADO. DISTRIBUI\u00c7\u00c3O SUPER BOA. 124 M2. 2 QUARTOS, CADA UM COM BANHEIRO COMPLETO E CLOSET.   BANHEIRO DE H\u00d3SPEDES. SALA DE FAM\u00cdLIA. QUARTO DA EMPREGADA. \u00c1REA DE LAVANDERIA. LINDA COZINHA AMERICANA. SALA DE ESTAR E JANTAR ESPA\u00c7OSA. VISTA EXTERNA COM GRANDES JANELAS. MUITO BRILHANTE. ACABAMENTOS DE ALTA QUALIDADE.   TORRE MUITO TRANQUILA. 2 VAGAS DE ESTACIONAMENTO. VIGIL\u00c2NCIA 24 HORAS. CONJUNTO COMPLETO DE COMODIDADES. LOCALIZA\u00c7\u00c3O PERFEITA.<\/p>\n","protected":false},"excerpt":{"rendered":"<p>LINDO APARTAMENTO EM PERFEITAS CONDI\u00c7\u00d5ES. TOTALMENTE MOBILIADO E EQUIPADO. DISTRIBUI\u00c7\u00c3O SUPER BOA. 124 M2. 2 QUARTOS, CADA UM COM BANHEIRO COMPLETO E CLOSET. BANHEIRO DE H\u00d3SPEDES. SALA DE FAM\u00cdLIA. QUARTO DA EMPREGADA. \u00c1REA DE LAVANDERIA. LINDA COZINHA AMERICANA. SALA DE ESTAR E JANTAR ESPA\u00c7OSA. VISTA EXTERNA COM GRANDES JANELAS. MUITO BRILHANTE. ACABAMENTOS DE ALTA QUALIDADE. [&hellip;]<\/p>\n","protected":false},"featured_media":32128,"comment_status":"open","ping_status":"closed","template":"","meta":{"_joinchat":[]},"product_brand":[],"product_cat":[378,393,377],"product_tag":[668],"class_list":{"0":"post-32119","1":"product","2":"type-product","3":"status-publish","4":"has-post-thumbnail","6":"product_cat-aluguel","7":"product_cat-botticelli-pt-br","8":"product_cat-departamentos","9":"product_tag-aluguel","10":"pa_recamara-25","12":"first","13":"instock","14":"shipping-taxable","15":"purchasable","16":"product-type-simple"},"_links":{"self":[{"href":"https:\/\/www.rentaplazacarso.com\/pt-br\/wp-json\/wp\/v2\/product\/32119","targetHints":{"allow":["GET"]}}],"collection":[{"href":"https:\/\/www.rentaplazacarso.com\/pt-br\/wp-json\/wp\/v2\/product"}],"about":[{"href":"https:\/\/www.rentaplazacarso.com\/pt-br\/wp-json\/wp\/v2\/types\/product"}],"replies":[{"embeddable":true,"href":"https:\/\/www.rentaplazacarso.com\/pt-br\/wp-json\/wp\/v2\/comments?post=32119"}],"wp:featuredmedia":[{"embeddable":true,"href":"https:\/\/www.rentaplazacarso.com\/pt-br\/wp-json\/wp\/v2\/media\/32128"}],"wp:attachment":[{"href":"https:\/\/www.rentaplazacarso.com\/pt-br\/wp-json\/wp\/v2\/media?parent=32119"}],"wp:term":[{"taxonomy":"product_brand","embeddable":true,"href":"https:\/\/www.rentaplazacarso.com\/pt-br\/wp-json\/wp\/v2\/product_brand?post=32119"},{"taxonomy":"product_cat","embeddable":true,"href":"https:\/\/www.rentaplazacarso.com\/pt-br\/wp-json\/wp\/v2\/product_cat?post=32119"},{"taxonomy":"product_tag","embeddable":true,"href":"https:\/\/www.rentaplazacarso.com\/pt-br\/wp-json\/wp\/v2\/product_tag?post=32119"}],"curies":[{"name":"wp","href":"https:\/\/api.w.org\/{rel}","templated":true}]}}

<p>LINDO APARTAMENTO EM PERFEITAS CONDIÇÕES. TOTALMENTE MOBILIADO E EQUIPADO. DISTRIBUIÇÃO SUPER BOA. 124 M2. 2 QUARTOS, CADA UM COM BANHEIRO COMPLETO E CLOSET.   BANHEIRO DE HÓSPEDES. SALA DE FAMÍLIA. QUARTO DA EMPREGADA. ÁREA DE LAVANDERIA. LINDA COZINHA AMERICANA. SALA DE ESTAR E JANTAR ESPAÇOSA. VISTA EXTERNA COM GRANDES JANELAS. MUITO BRILHANTE. ACABAMENTOS DE ALTA QUALIDADE.   TORRE MUITO TRANQUILA. 2 VAGAS DE ESTACIONAMENTO. VIGILÂNCIA 24 HORAS. CONJUNTO COMPLETO DE COMODIDADES. LOCALIZAÇÃO PERFEITA.</p>

<p>LINDO APARTAMENTO EM PERFEITAS CONDIÇÕES. TOTALMENTE MOBILIADO E EQUIPADO. DISTRIBUIÇÃO SUPER BOA. 124 M2. 2 QUARTOS, CADA UM COM BANHEIRO COMPLETO E CLOSET. BANHEIRO DE HÓSPEDES. SALA DE FAMÍLIA. QUARTO DA EMPREGADA. ÁREA DE LAVANDERIA. LINDA COZINHA AMERICANA. SALA DE ESTAR E JANTAR ESPAÇOSA. VISTA EXTERNA COM GRANDES JANELAS. MUITO BRILHANTE. ACABAMENTOS DE ALTA QUALIDADE. [&hellip;]</p>
