{"id":27528,"date":"2025-12-11T17:06:04","date_gmt":"2025-12-11T17:06:04","guid":{"rendered":"https:\/\/www.rentaplazacarso.com\/espetacular-3-quartos-mobiliados\/"},"modified":"2025-12-11T17:06:04","modified_gmt":"2025-12-11T17:06:04","slug":"espetacular-3-quartos-mobiliados","status":"publish","type":"product","link":"https:\/\/www.rentaplazacarso.com\/pt-br\/product\/espetacular-3-quartos-mobiliados\/","title":{"rendered":"ESPETACULAR 3 QUARTOS MOBILIADOS"},"content":{"rendered":"<p>INCR\u00cdVEL APARTAMENTO DE 240 M2, TOTALMENTE REFORMADO. TOTALMENTE MOBILIADO E EQUIPADO. M\u00d3VEIS SUPER LUXUOSOS.   PISO DE MADEIRA. 3 QUARTOS, CADA UM COM UM BANHEIRO COMPLETO. BANHEIRO DE H\u00d3SPEDES. AMPLA SALA DE ESTAR E JANTAR COM VISTAS ESPETACULARES. COZINHA FECHADA COM DESPENSA.  \u00c1REA DE LAVANDERIA. JANELAS ENORMES QUE PROPORCIONAM MUITA LUZ. TETOS DE 3 METROS. TODAS AS PERSIANAS EL\u00c9TRICAS. PURIFICADOR DYSON COM AR QUENTE E FRIO EM TODOS OS C\u00d4MODOS. C\u00c2MERAS EM TODOS OS ESPA\u00c7OS. 3 VAGAS DE GARAGEM PARALELAS. 2 DEP\u00d3SITOS.     ACESSO DIRETO AO SHOPPING CENTER. CONJUNTO COMPLETO DE COMODIDADES. ESTACIONAMENTO PARA VISITANTES. VIGIL\u00c2NCIA 24 HORAS. MANUTEN\u00c7\u00c3O INCLU\u00cdDA NO ALUGUEL. SOMENTE PARA ALUGU\u00c9IS DE LONGA DURA\u00c7\u00c3O.  (SEM ANIMAIS DE ESTIMA\u00c7\u00c3O).<\/p>\n","protected":false},"excerpt":{"rendered":"<p>INCR\u00cdVEL APARTAMENTO DE 240 M2, TOTALMENTE REFORMADO. TOTALMENTE MOBILIADO E EQUIPADO. M\u00d3VEIS SUPER LUXUOSOS. PISO DE MADEIRA. 3 QUARTOS, CADA UM COM UM BANHEIRO COMPLETO. BANHEIRO DE H\u00d3SPEDES. AMPLA SALA DE ESTAR E JANTAR COM VISTAS ESPETACULARES. COZINHA FECHADA COM DESPENSA. \u00c1REA DE LAVANDERIA. JANELAS ENORMES QUE PROPORCIONAM MUITA LUZ. TETOS DE 3 METROS. TODAS [&hellip;]<\/p>\n","protected":false},"featured_media":27523,"comment_status":"open","ping_status":"closed","template":"","meta":{"_joinchat":[]},"product_brand":[],"product_cat":[378,377,729],"product_tag":[668],"class_list":{"0":"post-27528","1":"product","2":"type-product","3":"status-publish","4":"has-post-thumbnail","6":"product_cat-aluguel","7":"product_cat-departamentos","8":"product_cat-rodin-pt-br","9":"product_tag-aluguel","10":"pa_recamara-26","12":"first","13":"instock","14":"shipping-taxable","15":"purchasable","16":"product-type-simple"},"_links":{"self":[{"href":"https:\/\/www.rentaplazacarso.com\/pt-br\/wp-json\/wp\/v2\/product\/27528","targetHints":{"allow":["GET"]}}],"collection":[{"href":"https:\/\/www.rentaplazacarso.com\/pt-br\/wp-json\/wp\/v2\/product"}],"about":[{"href":"https:\/\/www.rentaplazacarso.com\/pt-br\/wp-json\/wp\/v2\/types\/product"}],"replies":[{"embeddable":true,"href":"https:\/\/www.rentaplazacarso.com\/pt-br\/wp-json\/wp\/v2\/comments?post=27528"}],"wp:featuredmedia":[{"embeddable":true,"href":"https:\/\/www.rentaplazacarso.com\/pt-br\/wp-json\/wp\/v2\/media\/27523"}],"wp:attachment":[{"href":"https:\/\/www.rentaplazacarso.com\/pt-br\/wp-json\/wp\/v2\/media?parent=27528"}],"wp:term":[{"taxonomy":"product_brand","embeddable":true,"href":"https:\/\/www.rentaplazacarso.com\/pt-br\/wp-json\/wp\/v2\/product_brand?post=27528"},{"taxonomy":"product_cat","embeddable":true,"href":"https:\/\/www.rentaplazacarso.com\/pt-br\/wp-json\/wp\/v2\/product_cat?post=27528"},{"taxonomy":"product_tag","embeddable":true,"href":"https:\/\/www.rentaplazacarso.com\/pt-br\/wp-json\/wp\/v2\/product_tag?post=27528"}],"curies":[{"name":"wp","href":"https:\/\/api.w.org\/{rel}","templated":true}]}}

<p>INCRÍVEL APARTAMENTO DE 240 M2, TOTALMENTE REFORMADO. TOTALMENTE MOBILIADO E EQUIPADO. MÓVEIS SUPER LUXUOSOS.   PISO DE MADEIRA. 3 QUARTOS, CADA UM COM UM BANHEIRO COMPLETO. BANHEIRO DE HÓSPEDES. AMPLA SALA DE ESTAR E JANTAR COM VISTAS ESPETACULARES. COZINHA FECHADA COM DESPENSA.  ÁREA DE LAVANDERIA. JANELAS ENORMES QUE PROPORCIONAM MUITA LUZ. TETOS DE 3 METROS. TODAS AS PERSIANAS ELÉTRICAS. PURIFICADOR DYSON COM AR QUENTE E FRIO EM TODOS OS CÔMODOS. CÂMERAS EM TODOS OS ESPAÇOS. 3 VAGAS DE GARAGEM PARALELAS. 2 DEPÓSITOS.     ACESSO DIRETO AO SHOPPING CENTER. CONJUNTO COMPLETO DE COMODIDADES. ESTACIONAMENTO PARA VISITANTES. VIGILÂNCIA 24 HORAS. MANUTENÇÃO INCLUÍDA NO ALUGUEL. SOMENTE PARA ALUGUÉIS DE LONGA DURAÇÃO.  (SEM ANIMAIS DE ESTIMAÇÃO).</p>

<p>INCRÍVEL APARTAMENTO DE 240 M2, TOTALMENTE REFORMADO. TOTALMENTE MOBILIADO E EQUIPADO. MÓVEIS SUPER LUXUOSOS. PISO DE MADEIRA. 3 QUARTOS, CADA UM COM UM BANHEIRO COMPLETO. BANHEIRO DE HÓSPEDES. AMPLA SALA DE ESTAR E JANTAR COM VISTAS ESPETACULARES. COZINHA FECHADA COM DESPENSA. ÁREA DE LAVANDERIA. JANELAS ENORMES QUE PROPORCIONAM MUITA LUZ. TETOS DE 3 METROS. TODAS [&hellip;]</p>
